{"id":6708,"date":"2020-11-18T16:24:47","date_gmt":"2020-11-18T16:24:47","guid":{"rendered":"https:\/\/www.edicionesfranz.com\/?post_type=portfolio&#038;p=6708"},"modified":"2024-12-10T21:27:49","modified_gmt":"2024-12-10T21:27:49","slug":"encender-las-voces","status":"publish","type":"portfolio","link":"https:\/\/www.edicionesfranz.com\/?portfolio=encender-las-voces","title":{"rendered":"Encender las voces"},"content":{"rendered":"<div class=\"wpb-content-wrapper\"><p>[vc_row unlock_row_content=\u00bbyes\u00bb row_height_percent=\u00bb0&#8243; override_padding=\u00bbyes\u00bb h_padding=\u00bb2&#8243; top_padding=\u00bb5&#8243; bottom_padding=\u00bb3&#8243; overlay_alpha=\u00bb50&#8243; gutter_size=\u00bb4&#8243; column_width_use_pixel=\u00bbyes\u00bb shift_y=\u00bb0&#8243; z_index=\u00bb0&#8243; content_parallax=\u00bb0&#8243; uncode_shortcode_id=\u00bb125160&#8243; column_width_pixel=\u00bb1500&#8243;][vc_column column_width_percent=\u00bb100&#8243; align_horizontal=\u00bbalign_right\u00bb gutter_size=\u00bb3&#8243; overlay_alpha=\u00bb50&#8243; shift_x=\u00bb0&#8243; shift_y=\u00bb0&#8243; shift_y_down=\u00bb0&#8243; z_index=\u00bb0&#8243; medium_width=\u00bb0&#8243; mobile_width=\u00bb0&#8243; width=\u00bb1\/2&#8243; uncode_shortcode_id=\u00bb112987&#8243;][vc_single_image media=\u00bb11727&#8243; media_width_percent=\u00bb100&#8243; media_ratio=\u00bbone-one\u00bb shape=\u00bbimg-round\u00bb radius=\u00bbxl\u00bb uncode_shortcode_id=\u00bb114242&#8243;][\/vc_column][vc_column column_width_percent=\u00bb100&#8243; position_vertical=\u00bbjustify\u00bb gutter_size=\u00bb3&#8243; overlay_alpha=\u00bb50&#8243; shift_x=\u00bb0&#8243; shift_y=\u00bb0&#8243; shift_y_down=\u00bb0&#8243; z_index=\u00bb0&#8243; medium_width=\u00bb0&#8243; mobile_width=\u00bb0&#8243; width=\u00bb1\/2&#8243; uncode_shortcode_id=\u00bb200973&#8243;][vc_row_inner limit_content=\u00bb\u00bb][vc_column_inner column_width_percent=\u00bb100&#8243; gutter_size=\u00bb2&#8243; overlay_alpha=\u00bb50&#8243; shift_x=\u00bb0&#8243; shift_y=\u00bb0&#8243; shift_y_down=\u00bb0&#8243; z_index=\u00bb0&#8243; medium_width=\u00bb0&#8243; mobile_width=\u00bb0&#8243; width=\u00bb1\/1&#8243; uncode_shortcode_id=\u00bb546268&#8243;][vc_custom_heading heading_semantic=\u00bbh6&#8243; text_size=\u00bbcustom\u00bb text_weight=\u00bb300&#8243; uncode_shortcode_id=\u00bb194086&#8243; heading_custom_size=\u00bbclamp(18px,4vw,20px)\u00bb]\u00abNo fui capaz de releer nunca m\u00e1s la novela\u00bb[\/vc_custom_heading][\/vc_column_inner][\/vc_row_inner][vc_row_inner limit_content=\u00bb\u00bb][vc_column_inner column_width_percent=\u00bb100&#8243; gutter_size=\u00bb3&#8243; overlay_alpha=\u00bb50&#8243; shift_x=\u00bb0&#8243; shift_y=\u00bb0&#8243; shift_y_down=\u00bb0&#8243; z_index=\u00bb0&#8243; medium_width=\u00bb2&#8243; mobile_width=\u00bb4&#8243; width=\u00bb4\/12&#8243; uncode_shortcode_id=\u00bb101139&#8243;][vc_single_image media=\u00bb6682&#8243; media_width_percent=\u00bb100&#8243; media_ratio=\u00bbone-one\u00bb shape=\u00bbimg-round\u00bb radius=\u00bbxl\u00bb uncode_shortcode_id=\u00bb101408&#8243;][\/vc_column_inner][vc_column_inner column_width_percent=\u00bb100&#8243; position_vertical=\u00bbjustify\u00bb gutter_size=\u00bb3&#8243; overlay_alpha=\u00bb50&#8243; shift_x=\u00bb0&#8243; shift_y=\u00bb0&#8243; shift_y_down=\u00bb0&#8243; z_index=\u00bb0&#8243; medium_width=\u00bb6&#8243; mobile_width=\u00bb4&#8243; width=\u00bb5\/12&#8243; uncode_shortcode_id=\u00bb199834&#8243;][vc_custom_heading heading_semantic=\u00bbh6&#8243; text_size=\u00bbh6&#8243; text_weight=\u00bb400&#8243; mobile_visibility=\u00bbyes\u00bb uncode_shortcode_id=\u00bb150377&#8243;]Colecci\u00f3n Moderna<\/p>\n<p>Formato: 10,5 x 20 cm<\/p>\n<p>ISBN: 978-84-122407-4-0<\/p>\n<p>N\u00aa de p\u00e1ginas: 158<\/p>\n<p>Precio: 12 \u20ac[\/vc_custom_heading][vc_button size=\u00bblink\u00bb btn_link_underline=\u00bbbtn-underline-out\u00bb icon_position=\u00bbright\u00bb uncode_shortcode_id=\u00bb154091&#8243; icon=\u00bbfa fa-arrow-right2&#8243; link=\u00bburl:https%3A%2F%2Fwww.edicionesfranz.com%2F%3Fproduct%3Dencender-las-voces|title:Encender%20las%20voces\u00bb]Comprar[\/vc_button][\/vc_column_inner][vc_column_inner column_width_percent=\u00bb100&#8243; gutter_size=\u00bb3&#8243; overlay_alpha=\u00bb50&#8243; shift_x=\u00bb0&#8243; shift_y=\u00bb0&#8243; shift_y_down=\u00bb0&#8243; z_index=\u00bb0&#8243; medium_visibility=\u00bbyes\u00bb medium_width=\u00bb0&#8243; mobile_visibility=\u00bbyes\u00bb mobile_width=\u00bb0&#8243; width=\u00bb3\/12&#8243; uncode_shortcode_id=\u00bb164707&#8243;][\/vc_column_inner][\/vc_row_inner][\/vc_column][\/vc_row][vc_row row_height_percent=\u00bb0&#8243; override_padding=\u00bbyes\u00bb h_padding=\u00bb2&#8243; top_padding=\u00bb5&#8243; bottom_padding=\u00bb5&#8243; overlay_alpha=\u00bb50&#8243; gutter_size=\u00bb3&#8243; column_width_percent=\u00bb100&#8243; shift_y=\u00bb0&#8243; z_index=\u00bb0&#8243; uncode_shortcode_id=\u00bb108977&#8243;][vc_column width=\u00bb1\/6&#8243;][\/vc_column][vc_column width=\u00bb2\/3&#8243;][vc_custom_heading text_color=\u00bbcolor-jevc\u00bb heading_semantic=\u00bbh5&#8243; text_font=\u00bbfont-202779&#8243; text_size=\u00bbh5&#8243; text_weight=\u00bb700&#8243; uncode_shortcode_id=\u00bb197289&#8243; text_color_type=\u00bbuncode-palette\u00bb]Encenderse con la literatura[\/vc_custom_heading][vc_custom_heading heading_semantic=\u00bbh5&#8243; text_size=\u00bbh5&#8243; text_weight=\u00bb400&#8243; sub_lead=\u00bbsmall\u00bb uncode_shortcode_id=\u00bb112062&#8243;]<\/p>\n<div title=\"Page 24\">\n<div class=\"page\" title=\"Page 40\">\n<div class=\"layoutArea\">\n<div class=\"column\">\n<p>Una estudiante de medicina sin vocaci\u00f3n emprende un viaje inici\u00e1tico a trav\u00e9s de la lectura de ocho libros contundentes, para encontrarse a s\u00ed misma y su lugar en el mundo, mientras indaga en su pasado familiar con la intenci\u00f3n de recordar el futuro. De hecho, el primer libro que le acompa\u00f1a en su viaje met\u00e1fora es la fabulosa novela de Elena Garro, <em>Recuerdos del porvenir<\/em> (1963) cuyo comienzo dice: \u00abAqu\u00ed estoy, sentado sobre esta piedra aparente. S\u00f3lo mi memoria sabe lo que encierra\u00bb.<\/p>\n<\/div>\n<\/div>\n<\/div>\n<\/div>\n<p>[\/vc_custom_heading][vc_custom_heading heading_semantic=\u00bbh5&#8243; text_size=\u00bbh5&#8243; text_weight=\u00bb400&#8243; sub_lead=\u00bbsmall\u00bb uncode_shortcode_id=\u00bb191382&#8243;]<\/p>\n<div title=\"Page 24\">\n<div class=\"page\" title=\"Page 40\">\n<div class=\"layoutArea\">\n<div class=\"column\">\n<p>La escritora y traductora <a href=\"https:\/\/www.edicionesfranz.com\/?portfolio=blanca-gago\">Blanca Gago<\/a> ha escrito una impecable novela en la que la literatura le va mostrando a la protagonista el camino vital y emocional que le llevar\u00e1 a crecer como persona e iluminarse.<\/p>\n<\/div>\n<\/div>\n<\/div>\n<\/div>\n<p>[\/vc_custom_heading][\/vc_column][vc_column width=\u00bb1\/6&#8243;][\/vc_column][\/vc_row]<\/p>\n<\/div>","protected":false},"excerpt":{"rendered":"<p>[vc_row unlock_row_content=\u00bbyes\u00bb row_height_percent=\u00bb0&#8243; override_padding=\u00bbyes\u00bb h_padding=\u00bb2&#8243; top_padding=\u00bb5&#8243; bottom_padding=\u00bb3&#8243; overlay_alpha=\u00bb50&#8243; gutter_size=\u00bb4&#8243; column_width_use_pixel=\u00bbyes\u00bb shift_y=\u00bb0&#8243; z_index=\u00bb0&#8243; content_parallax=\u00bb0&#8243; uncode_shortcode_id=\u00bb125160&#8243; column_width_pixel=\u00bb1500&#8243;][vc_column column_width_percent=\u00bb100&#8243; align_horizontal=\u00bbalign_right\u00bb gutter_size=\u00bb3&#8243; overlay_alpha=\u00bb50&#8243; shift_x=\u00bb0&#8243; [&hellip;]<\/p>\n","protected":false},"author":1,"featured_media":11727,"parent":0,"menu_order":27,"comment_status":"closed","ping_status":"closed","template":"","meta":{"footnotes":""},"portfolio_category":[68,225],"class_list":["post-6708","portfolio","type-portfolio","status-publish","has-post-thumbnail","hentry","portfolio_category-libros","portfolio_category-moderna"],"_links":{"self":[{"href":"https:\/\/www.edicionesfranz.com\/index.php?rest_route=\/wp\/v2\/portfolio\/6708","targetHints":{"allow":["GET"]}}],"collection":[{"href":"https:\/\/www.edicionesfranz.com\/index.php?rest_route=\/wp\/v2\/portfolio"}],"about":[{"href":"https:\/\/www.edicionesfranz.com\/index.php?rest_route=\/wp\/v2\/types\/portfolio"}],"author":[{"embeddable":true,"href":"https:\/\/www.edicionesfranz.com\/index.php?rest_route=\/wp\/v2\/users\/1"}],"replies":[{"embeddable":true,"href":"https:\/\/www.edicionesfranz.com\/index.php?rest_route=%2Fwp%2Fv2%2Fcomments&post=6708"}],"version-history":[{"count":30,"href":"https:\/\/www.edicionesfranz.com\/index.php?rest_route=\/wp\/v2\/portfolio\/6708\/revisions"}],"predecessor-version":[{"id":132706,"href":"https:\/\/www.edicionesfranz.com\/index.php?rest_route=\/wp\/v2\/portfolio\/6708\/revisions\/132706"}],"wp:featuredmedia":[{"embeddable":true,"href":"https:\/\/www.edicionesfranz.com\/index.php?rest_route=\/wp\/v2\/media\/11727"}],"wp:attachment":[{"href":"https:\/\/www.edicionesfranz.com\/index.php?rest_route=%2Fwp%2Fv2%2Fmedia&parent=6708"}],"wp:term":[{"taxonomy":"portfolio_category","embeddable":true,"href":"https:\/\/www.edicionesfranz.com\/index.php?rest_route=%2Fwp%2Fv2%2Fportfolio_category&post=6708"}],"curies":[{"name":"wp","href":"https:\/\/api.w.org\/{rel}","templated":true}]}}

<div class="wpb-content-wrapper"><p>[vc_row unlock_row_content=»yes» row_height_percent=»0&#8243; override_padding=»yes» h_padding=»2&#8243; top_padding=»5&#8243; bottom_padding=»3&#8243; overlay_alpha=»50&#8243; gutter_size=»4&#8243; column_width_use_pixel=»yes» shift_y=»0&#8243; z_index=»0&#8243; content_parallax=»0&#8243; uncode_shortcode_id=»125160&#8243; column_width_pixel=»1500&#8243;][vc_column column_width_percent=»100&#8243; align_horizontal=»align_right» gutter_size=»3&#8243; overlay_alpha=»50&#8243; shift_x=»0&#8243; shift_y=»0&#8243; shift_y_down=»0&#8243; z_index=»0&#8243; medium_width=»0&#8243; mobile_width=»0&#8243; width=»1/2&#8243; uncode_shortcode_id=»112987&#8243;][vc_single_image media=»11727&#8243; media_width_percent=»100&#8243; media_ratio=»one-one» shape=»img-round» radius=»xl» uncode_shortcode_id=»114242&#8243;][/vc_column][vc_column column_width_percent=»100&#8243; position_vertical=»justify» gutter_size=»3&#8243; overlay_alpha=»50&#8243; shift_x=»0&#8243; shift_y=»0&#8243; shift_y_down=»0&#8243; z_index=»0&#8243; medium_width=»0&#8243; mobile_width=»0&#8243; width=»1/2&#8243; uncode_shortcode_id=»200973&#8243;][vc_row_inner limit_content=»»][vc_column_inner column_width_percent=»100&#8243; gutter_size=»2&#8243; overlay_alpha=»50&#8243; shift_x=»0&#8243; shift_y=»0&#8243; shift_y_down=»0&#8243; z_index=»0&#8243; medium_width=»0&#8243; mobile_width=»0&#8243; width=»1/1&#8243; uncode_shortcode_id=»546268&#8243;][vc_custom_heading heading_semantic=»h6&#8243; text_size=»custom» text_weight=»300&#8243; uncode_shortcode_id=»194086&#8243; heading_custom_size=»clamp(18px,4vw,20px)»]«No fui capaz de releer nunca más la novela»[/vc_custom_heading][/vc_column_inner][/vc_row_inner][vc_row_inner limit_content=»»][vc_column_inner column_width_percent=»100&#8243; gutter_size=»3&#8243; overlay_alpha=»50&#8243; shift_x=»0&#8243; shift_y=»0&#8243; shift_y_down=»0&#8243; z_index=»0&#8243; medium_width=»2&#8243; mobile_width=»4&#8243; width=»4/12&#8243; uncode_shortcode_id=»101139&#8243;][vc_single_image media=»6682&#8243; media_width_percent=»100&#8243; media_ratio=»one-one» shape=»img-round» radius=»xl» uncode_shortcode_id=»101408&#8243;][/vc_column_inner][vc_column_inner column_width_percent=»100&#8243; position_vertical=»justify» gutter_size=»3&#8243; overlay_alpha=»50&#8243; shift_x=»0&#8243; shift_y=»0&#8243; shift_y_down=»0&#8243; z_index=»0&#8243; medium_width=»6&#8243; mobile_width=»4&#8243; width=»5/12&#8243; uncode_shortcode_id=»199834&#8243;][vc_custom_heading heading_semantic=»h6&#8243; text_size=»h6&#8243; text_weight=»400&#8243; mobile_visibility=»yes» uncode_shortcode_id=»150377&#8243;]Colección Moderna</p>
<p>Formato: 10,5 x 20 cm</p>
<p>ISBN: 978-84-122407-4-0</p>
<p>Nª de páginas: 158</p>
<p>Precio: 12 €[/vc_custom_heading][vc_button size=»link» btn_link_underline=»btn-underline-out» icon_position=»right» uncode_shortcode_id=»154091&#8243; icon=»fa fa-arrow-right2&#8243; link=»url:https%3A%2F%2Fwww.edicionesfranz.com%2F%3Fproduct%3Dencender-las-voces|title:Encender%20las%20voces»]Comprar[/vc_button][/vc_column_inner][vc_column_inner column_width_percent=»100&#8243; gutter_size=»3&#8243; overlay_alpha=»50&#8243; shift_x=»0&#8243; shift_y=»0&#8243; shift_y_down=»0&#8243; z_index=»0&#8243; medium_visibility=»yes» medium_width=»0&#8243; mobile_visibility=»yes» mobile_width=»0&#8243; width=»3/12&#8243; uncode_shortcode_id=»164707&#8243;][/vc_column_inner][/vc_row_inner][/vc_column][/vc_row][vc_row row_height_percent=»0&#8243; override_padding=»yes» h_padding=»2&#8243; top_padding=»5&#8243; bottom_padding=»5&#8243; overlay_alpha=»50&#8243; gutter_size=»3&#8243; column_width_percent=»100&#8243; shift_y=»0&#8243; z_index=»0&#8243; uncode_shortcode_id=»108977&#8243;][vc_column width=»1/6&#8243;][/vc_column][vc_column width=»2/3&#8243;][vc_custom_heading text_color=»color-jevc» heading_semantic=»h5&#8243; text_font=»font-202779&#8243; text_size=»h5&#8243; text_weight=»700&#8243; uncode_shortcode_id=»197289&#8243; text_color_type=»uncode-palette»]Encenderse con la literatura[/vc_custom_heading][vc_custom_heading heading_semantic=»h5&#8243; text_size=»h5&#8243; text_weight=»400&#8243; sub_lead=»small» uncode_shortcode_id=»112062&#8243;]</p>
<div title="Page 24">
<div class="page" title="Page 40">
<div class="layoutArea">
<div class="column">
<p>Una estudiante de medicina sin vocación emprende un viaje iniciático a través de la lectura de ocho libros contundentes, para encontrarse a sí misma y su lugar en el mundo, mientras indaga en su pasado familiar con la intención de recordar el futuro. De hecho, el primer libro que le acompaña en su viaje metáfora es la fabulosa novela de Elena Garro, <em>Recuerdos del porvenir</em> (1963) cuyo comienzo dice: «Aquí estoy, sentado sobre esta piedra aparente. Sólo mi memoria sabe lo que encierra».</p>
</div>
</div>
</div>
</div>
<p>[/vc_custom_heading][vc_custom_heading heading_semantic=»h5&#8243; text_size=»h5&#8243; text_weight=»400&#8243; sub_lead=»small» uncode_shortcode_id=»191382&#8243;]</p>
<div title="Page 24">
<div class="page" title="Page 40">
<div class="layoutArea">
<div class="column">
<p>La escritora y traductora <a href="https://www.edicionesfranz.com/?portfolio=blanca-gago">Blanca Gago</a> ha escrito una impecable novela en la que la literatura le va mostrando a la protagonista el camino vital y emocional que le llevará a crecer como persona e iluminarse.</p>
</div>
</div>
</div>
</div>
<p>[/vc_custom_heading][/vc_column][vc_column width=»1/6&#8243;][/vc_column][/vc_row]</p>
</div>
